lculate the highest common divisor of 78116 and 13502152.
1324
Calculate the greatest common divisor of 58867100 and 530.
530
Calculate the greatest common factor of 2288 and 74425472.
176
What is the greatest common factor of 1083 and 165471?
57
Calculate the highest common divisor of 926 and 852971010.
926
Calculate the greatest common divisor of 21634013 and 85.
17
Calculate the greatest common divisor of 6853838 and 1098.
122
What is the highest common divisor of 998264 and 9?
1
Calculate the greatest common factor of 108 and 823978836.
36
Calculate the greatest common divisor of 30 and 212471150.
10
Calculate the highest common divisor of 104178056 and 20.
4
What is the highest common divisor of 895 and 5823407?
179
Calculate the greatest common divisor of 104 and 134294459.
13
Calculate the greatest common factor of 43860 and 66574320.
2580
What is the highest common factor of 26024250 and 975?
75
Calculate the greatest common divisor of 27413408 and 64.
32
Calculate the greatest common divisor of 190030934 and 3215.
643
Calculate the greatest common divisor of 99 and 1250977761.
99
Calculate the highest common divisor of 2889 and 70439598.
2889
Calculate the highest common factor of 3007 and 2604065007.
3007
Calculate the greatest common factor of 1861191 and 4239.
27
Calculate the greatest common factor of 65 and 2327480.
5
Calculate the highest common factor of 2164345 and 15.
5
Calculate the greatest common divisor of 63936 and 1443555.
999
Calculate the highest common factor of 33367 and 959438.
547
What is the highest common divisor of 26599456 and 6880?
1376
What is the greatest common divisor of 23072 and 8719424?
224
Calculate the highest common divisor of 270 and 7700265.
135
What is the greatest common factor of 29962 and 868265?
211
What is the greatest common divisor of 102037 and 71?
1
What is the highest common factor of 881066 and 554122?
1202
What is the greatest common factor of 59970 and 1770?
30
Calculate the greatest common factor of 435 and 331935.
15
What is the highest common divisor of 22130580 and 12?
12
Calculate the highest common factor of 8513081 and 3277.
113
What is the greatest common divisor of 1234651 and 341?
11
What is the highest common factor of 1830978 and 170362?
1654
Calculate the greatest common factor of 6344 and 383864.
104
Calculate the highest common factor of 161572 and 41878420.
5212
What is the highest common factor of 2246068 and 209?
11
Calculate the greatest common factor of 22 and 89618496.
22
Calculate the highest common factor of 451981958 and 5134.
5134
Calculate the highest common divisor of 1088288 and 415772.
1916
Calculate the highest common divisor of 15982 and 23546.
122
What is the highest common factor of 31042513 and 141?
47
Calculate the highest common divisor of 1775 and 29952575.
25
What is the highest common factor of 65 and 3198185?
5
What is the greatest common divisor of 2250326 and 275028?
1066
What is the highest common factor of 30195148 and 4?
4
What is the highest common divisor of 4918101 and 3?
3
What is the highest common divisor of 448350 and 11712?
366
What is the highest common factor of 291 and 81024?
3
What is the highest common divisor of 813322 and 3078?
2
What is the highest common factor of 5810950 and 62?
62
Calculate the greatest common factor of 325802867 and 26.
13
Calculate the highest common divisor of 416532 and 959754.
618
Calculate the highest common divisor of 18 and 158327010.
18
What is the greatest common factor of 16948 and 17860516?
892
Calculate the greatest common divisor of 1498770 and 8106.
42
Calculate the greatest common factor of 568422 and 5382.
414
Calculate the greatest common factor of 1152820 and 180.
20
What is the highest common divisor of 378 and 1827506394?
378
What is the highest common divisor of 420 and 15719802?
42
Calculate the greatest common factor of 10298692 and 355.
71
Calculate the highest common divisor of 10192820 and 22684.
428
Calculate the greatest common factor of 132 and 370227.
33
Calculate the greatest common factor of 844880 and 59070.
1790
What is the greatest common factor of 67234341 and 3?
3
What is the greatest common factor of 66699484 and 1396?
1396
Calculate the greatest common factor of 339 and 35104467.
339
Calculate the greatest common divisor of 49793 and 4267.
17
Calculate the greatest common divisor of 1281 and 7877967.
183
What is the greatest common divisor of 306 and 32876674?
34
Calculate the highest common divisor of 11364 and 9732.
12
Calculate the highest common divisor of 120122988 and 9.
3
Calculate the highest common divisor of 290830463 and 401.
401
Calculate the highest common factor of 33327 and 3902157.
1449
What is the highest common divisor of 3358242 and 12?
6
Calculate the greatest common divisor of 404810 and 3766.
14
What is the highest common divisor of 9503063 and 326?
163
What is the highest common factor of 22470434 and 14?
14
Calculate the greatest common factor of 21889624 and 8.
8
Calculate the greatest common factor of 63060 and 53984615.
5255
What is the highest common divisor of 14 and 7300027?
7
Calculate the greatest common divisor of 7 and 1367119173.
7
Calculate the highest common factor of 3188750 and 94387.
2551
What is the greatest common divisor of 104626954 and 63986?
4922
Calculate the greatest common divisor of 10823982 and 7701.
453
What is the greatest common factor of 3237916 and 484?
44
What is the greatest common divisor of 6858 and 1379474?
254
Calculate the greatest common divisor of 15836 and 20823748.
148
Calculate the highest common factor of 82150 and 1766450.
50
Calculate the greatest common divisor of 29775 and 980193.
1191
What is the greatest common factor of 198 and 981297?
9
What is the greatest common factor of 1200 and 14072280?
120
Calculate the greatest common factor of 12814875 and 1755.
135
Calculate the greatest common factor of 12958 and 4455506.
682
Calculate the highest common factor of 25075010 and 53620.
3830
Calculate the greatest common factor of 122565 and 9795.
15
What is the greatest common factor of 1069929879 and 933?
933
What is the greatest common factor of 9509017 and 35084?
1253
Calculate the highest common factor of 480 and 10783320.
120
Calculate the greatest common factor of 1560054 and 762.
6
What is the highest common factor of 104688 and 591312?
48
What is the highest common divisor of 1120 and 1028441120?
1120
Calculate the greatest common factor of 11577421 and 166.
83
Calculate the greatest common factor of 1651539280 and 20.
20
What is the highest common factor of 38395953 and 162?
9
Calculate the highest common factor of 20100379 and 743.
743
Calculate the highest common factor of 3577106 and 29614.
442
What is the greatest common divisor of 307932033 and 2006?
1003
What is the greatest common divisor of 42 and 30848466?
6
Calculate the highest common factor of 328 and 449606.
82
Calculate the greatest common divisor of 312130 and 85358.
1274
What is the highest common factor of 1380 and 95007756?
276
Calculate the highest common factor of 17031 and 831495.
21
What is the greatest common divisor of 3155 and 34000?
5
What is the highest common divisor of 50524334 and 61530?
4102
Calculate the greatest common divisor of 129 and 135522412.
43
Calculate the highest common factor of 16 and 17624392.
8
What is the highest common divisor of 1470 and 5242755?
735
What is the highest common divisor of 1080 and 10899288?
72
What is the highest common factor of 64362160 and 20?
20
Calculate the greatest common divisor of 2565033 and 2604.
93
What is the greatest common divisor of 327 and 14221121?
109
What is the greatest common factor of 302005 and 293590?
935
What is the greatest common divisor of 399809598 and 276?
138
What is the greatest common divisor of 46593325 and 4575?
1525
Calculate the greatest common divisor of 39662226 and 90.
18
Calculate the highest common divisor of 9084 and 82712848.
3028
What is the highest common factor of 106996589 and 238?
119
Calculate the greatest common divisor of 3155482 and 1881.
209
Calculate the greatest common divisor of 21009 and 4083941.
149
What is the highest common divisor of 6722 and 2052502202?
6722
Calculate the greatest common factor of 55638 an